{"id":1558,"date":"2026-03-10T17:35:02","date_gmt":"2026-03-10T20:35:02","guid":{"rendered":"https:\/\/archgallerydesign.art.br\/?page_id=1558"},"modified":"2026-03-13T17:05:12","modified_gmt":"2026-03-13T20:05:12","slug":"masthead","status":"publish","type":"page","link":"https:\/\/archgallerydesign.art.br\/?page_id=1558","title":{"rendered":"Masthead"},"content":{"rendered":"\n<h4 class=\"wp-block-heading\">Masthead \u2014 arch gallery &amp; design <\/h4>\n\n\n\n<h5 class=\"wp-block-heading\">PUBLICATION<\/h5>\n\n\n\n<p class=\"wp-block-paragraph\"><strong>Title:<\/strong>\u00a0arch gallery &amp; design <br><strong>Subtitle:<\/strong>\u00a0Independent digital magazine of art, design, architecture, and interior design<br><strong>URL:<\/strong>\u00a0https:\/\/archgallerydesign.art.br\/<br><strong>Format:<\/strong>\u00a0Online (digital)<br><strong>Language:<\/strong>\u00a0English<br><strong>ISSN:<\/strong>3086-4267<\/p>\n\n\n\n<h5 class=\"wp-block-heading\">PUBLICATION FREQUENCY<\/h5>\n\n\n\n<p class=\"wp-block-paragraph\"><strong>Bimonthly<\/strong><br>Published every two months, with volume and issue number designation per edition.<br>First published: November\/December 2025 (Vol. 1, No. 1).<\/p>\n\n\n\n<h5 class=\"wp-block-heading\">EDITORIAL RESPONSIBILITY<\/h5>\n\n\n\n<p class=\"wp-block-paragraph\"><strong>Editor-in-Chief &amp; Founder:<\/strong>&nbsp;Samuel Serpa<br>Brazilian journalist \u2014 International Press Card BR21018<br>B.A. in Journalism and Interior Design<br>Specialization in Design \u2014 FAAP (Funda\u00e7\u00e3o Armando Alvares Penteado), S\u00e3o Paulo, Brazil<br>Expert in Architecture, Interior Design, Art, and Design<\/p>\n\n\n\n<h5 class=\"wp-block-heading\">EDITORIAL STAFF<\/h5>\n\n\n\n<p class=\"wp-block-paragraph\"><strong>Editor-in-Chief:<\/strong>&nbsp;Samuel Serpa<br><strong>Reporting, writing &amp; editorial curation:<\/strong>&nbsp;Samuel Serpa<\/p>\n\n\n\n<h5 class=\"wp-block-heading\">PUBLISHER<\/h5>\n\n\n\n<p class=\"wp-block-paragraph\"><strong>Publisher:<\/strong>&nbsp;Samuel Serpa (individual)<br><strong>Email:<\/strong>&nbsp;samuel@archgallerydesign.art.br<br><strong>Phone:<\/strong>&nbsp;+1 (914) 336-4763<\/p>\n\n\n\n<h5 class=\"wp-block-heading\">EDITORIAL OFFICE \u2014 NEW YORK<\/h5>\n\n\n\n<p class=\"wp-block-paragraph\">arch gallery &amp; design <br>Lexington Avenue<br>New York, NY 10016<br>United States of America<\/p>\n\n\n\n<h5 class=\"wp-block-heading\">EDITORIAL OFFICE \u2014 S\u00c3O PAULO<\/h5>\n\n\n\n<p class=\"wp-block-paragraph\">arch gallery &amp; design <br>Rua Diana, 407 \u2014 Suite 12<br>Perdizes<br>S\u00e3o Paulo, SP \u2014 ZIP 05019-000<br>Brazil<\/p>\n\n\n\n<h5 class=\"wp-block-heading\">SUBJECT AREAS<\/h5>\n\n\n\n<p class=\"wp-block-paragraph\">Art \u00b7 Design \u00b7 Interior Design \u00b7 Architecture<\/p>\n\n\n\n<h5 class=\"wp-block-heading\">COPYRIGHT<\/h5>\n\n\n\n<p class=\"wp-block-paragraph\">\u00a9 2025\u20132026 Arch Gallery &amp; Design. All rights reserved. Total or partial reproduction of content published in this magazine requires prior written authorization from the publisher.<\/p>\n\n\n\n<p class=\"wp-block-paragraph\"><\/p>\n","protected":false},"excerpt":{"rendered":"<p>Masthead \u2014 arch gallery &amp; design PUBLICATION Title:\u00a0arch gallery &amp; design Subtitle:\u00a0Independent digital magazine of art, design, architecture, and interior designURL:\u00a0https:\/\/archgallerydesign.art.br\/Format:\u00a0Online (digital)Language:\u00a0EnglishISSN:3086-4267 PUBLICATION FREQUENCY BimonthlyPublished every two months, with volume&hellip;<\/p>\n","protected":false},"author":1,"featured_media":0,"parent":0,"menu_order":0,"comment_status":"closed","ping_status":"closed","template":"","meta":{"_crdt_document":"","footnotes":""},"class_list":["post-1558","page","type-page","status-publish","hentry"],"_links":{"self":[{"href":"https:\/\/archgallerydesign.art.br\/index.php?rest_route=\/wp\/v2\/pages\/1558","targetHints":{"allow":["GET"]}}],"collection":[{"href":"https:\/\/archgallerydesign.art.br\/index.php?rest_route=\/wp\/v2\/pages"}],"about":[{"href":"https:\/\/archgallerydesign.art.br\/index.php?rest_route=\/wp\/v2\/types\/page"}],"author":[{"embeddable":true,"href":"https:\/\/archgallerydesign.art.br\/index.php?rest_route=\/wp\/v2\/users\/1"}],"replies":[{"embeddable":true,"href":"https:\/\/archgallerydesign.art.br\/index.php?rest_route=%2Fwp%2Fv2%2Fcomments&post=1558"}],"version-history":[{"count":4,"href":"https:\/\/archgallerydesign.art.br\/index.php?rest_route=\/wp\/v2\/pages\/1558\/revisions"}],"predecessor-version":[{"id":1713,"href":"https:\/\/archgallerydesign.art.br\/index.php?rest_route=\/wp\/v2\/pages\/1558\/revisions\/1713"}],"wp:attachment":[{"href":"https:\/\/archgallerydesign.art.br\/index.php?rest_route=%2Fwp%2Fv2%2Fmedia&parent=1558"}],"curies":[{"name":"wp","href":"https:\/\/api.w.org\/{rel}","templated":true}]}}